) = z*v(h) + 4*a(h). Is n(9) a prime number?
True
Let q(g) = -57*g + 2. Suppose 5*i - i - 5*p + 29 = 0, 10 = 2*p. Let b be i + (3 + -3)*1. Is q(b) composite?
False
Is 29113/10 - 33/110 a prime number?
False
Is ((-3)/((-9)/(-674)))/(10/(-165)) a composite number?
True
Is 8/(8/3)*(-29132)/(-12) composite?
False
Suppose 120985 = -21*k + 22*k. Is k composite?
True
Let d(a) = 2*a**3 - 15*a**2 + 7*a. Let x be d(7). Is (-839 - x)*1/5*-5 a prime number?
True
Suppose 16 = -10*h - 34. Let s(k) = -23*k**3 - 6*k**2 + k - 1. Is s(h) a prime number?
True
Let n(a) = -a**2 - 8*a + 1. Let j(g) = g**2 + g - 15. Let x be j(0). Let y be n(x). Let s = y + 163. Is s a composite number?
False
Is 2 + -1 - (45/(-15) + -142497) a composite number?
False
Suppose 2*z = -10, 2*h + z = 6918 + 7449. Is h a composite number?
True
Let b = -1 + 1. Suppose b = 3*f + 3*r + 504, 2*f = -r + 2*r - 348. Let c = f - -881. Is c composite?
False
Suppose -2*c + 950 = 3*c. Let u = c - 33. Is u prime?
True
Let r(z) = 102*z - 1. Let p be r(-2). Let b = 67 + p. Let f = 205 + b. Is f prime?
True
Suppose 3*r = 2*q - 9927 - 23374, 66593 = 4*q + 3*r. Is q composite?
False
Suppose 0 = 22*p - 25*p + 5541. Is p a composite number?
False
Let x be ((-44)/55)/(4/(-10)). Is x/10 + 46*(-96)/(-20) a composite number?
True
Suppose 7*d - 2*d = 95515. Is d a prime number?
False
Let c be 42/(-56)*1*-4. Suppose 741 = 2*g - g + 4*n, 2*g - c*n - 1471 = 0. Is g prime?
False
Suppose 12*q = 14*q - 6. Suppose 0 = l - q*b + 34, -2*l - 96 = l - 3*b. Let k = l + 45. Is k a composite number?
True
Let m = 16 - 16. Suppose -3*t + t + 290 = m. Is t a prime number?
False
Let y = -248 - -1007. Let i = y + 212. Is i prime?
True
Let j(v) = 15*v - 7. Let t be j(2). Suppose 0 = -t*p + 24*p - 49. Is p composite?
True
Let h(b) = -b**3 - 6*b**2 - 10*b + 16. Let s be h(8). Let w = 1657 + s. Is w a composite number?
True
Suppose 1332*b - 30677 = 1331*b. Is b composite?
False
Let p = 4028 - 2391. Is p composite?
False
Suppose 5*d - 4 - 6 = 0. Suppose 2*u - 3*j = 1460, 6*j - 2*j - 8 = 0. Suppose -3455 = -d*c - u. Is c a prime number?
True
Suppose p = 5*w + 33, 0 = 3*w - 3 - 3. Is p composite?
False
Let x(b) = 1268*b**2 + b + 5. Is x(2) prime?
False
Let w(c) = 5*c**2 - 4*c + 5. Let x(m) = -6*m**2 + 3*m - 6. Let d(a) = 4*w(a) + 3*x(a). Suppose -3*r + r = 14. Is d(r) composite?
False
Suppose z - 8 = -0. Let y(b) = -21 + 6 + 12 + b**3 + 10*b - 7*b**2. Is y(z) a prime number?
False
Suppose -p = -2*p + 3, -4 = 5*a + 2*p. Let m be 6/((a/(-232))/(-1)). Let n = m + 1025. Is n a composite number?
True
Let n = 1101 + 3582. Let t = -2706 + n. Is t a prime number?
False
Let w = -2030 - -3393. Is w a prime number?
False
Suppose -3*d + y = -1355 + 136, -1618 = -4*d + 5*y. Suppose 5*v + d - 6822 = 0. Is v a prime number?
True
Let f(c) = 2*c - 18. Let z(p) = 2*p - 18. Let u(i) = -5*f(i) + 6*z(i). Let l be u(14). Is 2/10 + 1308/l a prime number?
True
Let k(h) = 65*h**2 - 2*h + 13. Is k(-8) a composite number?
True
Let d(y) = -31*y**3 + 6*y**2 - 171*y + 44. Let r(o) = 6*o**3 - o**2 + 34*o - 9. Let m(j) = -2*d(j) - 11*r(j). Is m(-8) a composite number?
False
Let j = -697 - -5906. Is j composite?
False
Suppose -4*q + 11 = -v - 7*q, -2*v + 5*q + 33 = 0. Suppose -5*u = -2*o - 7649, -3*o - 7651 = -v*u - u. Is u a composite number?
True
Suppose -34*f + 29496 = -91918. Is f composite?
False
Let o be (176*1)/(123/(-129) + 1). Suppose 9*w - w = o. Is w composite?
True
Suppose 4*f + 0*f = -2*j + 35752, -2*j - 2*f + 35750 = 0. Suppose 0 = -5*c - 5*z + 21055, -z - 5249 = 3*c - j. Is c composite?
True
Let b = 556 - 222. Let x be b/(-10) - (-3)/(-5). Is (-28)/7 - (x + -1) prime?
True
Suppose 0 = -3*j + 5*z - 2*z + 21, 0 = -4*j - 4*z + 60. Let c be j/(-33)*1*-3. Let p(o) = 621*o + 2. Is p(c) a composite number?
True
Let n(b) = 194*b**2 - b + 7. Let w be -4*(-2 - 2)/(-4). Let j be n(w). Suppose -13*l + 8*l = -j. Is l a prime number?
False
Suppose -3*h + 153867 + 257136 = -3*x, -h + 136997 = x. Is h composite?
False
Let b be 2/3 - (-10)/3. Suppose -581 = -3*t + b*i, 3*i - i - 378 = -2*t. Is t a prime number?
True
Let q(s) = -2*s + 1281. Let d(i) = -2. Let y(a) = -2*d(a) + q(a). Is y(0) prime?
False
Let j be (162/24)/((-1)/40). Is j/(-4) - (-48)/32 a prime number?
False
Suppose 4*t - 4*u = -8, -u + 4 = -1. Suppose -t*y - 822 = -3084. Suppose 1463 = 5*v - 3*o + 211, 3*v = -o + y. Is v composite?
False
Suppose 3*k = -4*o + k + 2, -3*k = 3*o + 6. Suppose -7*l + 16 = -o*l. Suppose -l*p + p = -159. Is p a prime number?
True
Let b = -5 + 18. Let j be (6 + -6)*(-3)/6. Suppose -b + j = -r. Is r prime?
True
Is 16/(-600)*-5 - 98966/(-30) a composite number?
False
Let r be 1516/3*(-6)/(-4). Let x = 1111 - r. Is x a prime number?
True
Let w(h) = 22*h**2 + 5 - 3*h - 2*h**2 + 6*h. Is w(-6) a prime number?
False
Is (-5 + 1 - -18)*20849/2 composite?
True
Let n = 2 + 4. Let c(h) = 2*h**3 - 2*h**2 + 4*h + 7. Let s be c(n). Let u = -168 + s. Is u a composite number?
False
Suppose 0 = 3*a - u - 834, 1141 = 4*a - u + 29. Is a a composite number?
True
Let b(x) = 9*x**3 - 8*x**2 + 2*x + 6. Is b(5) prime?
True
Let s = 1208 - -1385. Suppose -652 = -5*w + s. Is w composite?
True
Let z(v) = -17*v + 6. Let x be z(4). Let j = 365 + x. Let t = -172 + j. Is t prime?
True
Let y(i) = i**3 + 3*i**2 - 2*i - 4. Let z be y(-3). Suppose -7*o - 40 = -z*o. Is ((-2)/(-3))/(o/(-36)) composite?
False
Let i = -39 + 68. Suppose -3*s + i = -460. Suppose -2*p - y + 168 = y, -2*p + s = 3*y. Is p composite?
False
Let w = 81 + -75. Is (-26)/39 - (-202)/w a prime number?
False
Let x(t) = t**3 + 2*t**2 + 2*t + 8653. Let c be x(0). Suppose -p - c = -w - w, 2*p = 2*w - 8652. Is w composite?
False
Suppose -9*i + 754 = -497. Suppose 5*z = 456 + i. Is z a prime number?
False
Let p(z) be the third derivative of 23*z**5/30 - z**4/12 - 7*z**3/6 + 2*z**2 + 5*z. Is p(6) prime?
True
Suppose -8*o + 1 = -9*o. Let l(f) = f + 1 - 1 - 97*f**3 + 5 - 4. Is l(o) a prime number?
True
Let f = -5256 + 8255. Is f composite?
False
Let o(f) = -f**3 + f**2 + 5*f + 9767. Is o(0) a prime number?
True
Let h be (-3)/2 - (-4)/((-72)/(-73251)). Suppose -2*j + h = 2*d, 0*j = 5*d + 4*j - 10165. Is d composite?
False
Let d(i) = i - 2. Let r(l) = 352*l - 5. Let v(t) = 6*d(t) - r(t). Is v(-2) a prime number?
False
Let x = -76 - -78. Suppose -2*p + x*s = -3930, 3*s = 2*p - 6331 + 2397. Is p composite?
True
Let v = 30 - 28. Let r be -1 + (178 - -1) - 2. Suppose 2*i = 2*o + r, 3*i + v*o - 176 = 63. Is i composite?
False
Let f(a) = -50*a + 21. Let b be f(-6). Suppose -2*r - 1239 = -2*p + b, -p = r + 780. Is -2*(r/(-8))/(-5) composite?
True
Suppose 11127 + 2977 = q + 5*a, -70598 = -5*q + a. Is q a composite number?
True
Is (-12 - -155)/(-13) + 44422 a composite number?
True
Let z(v) = 9*v**2 - 22*v. Let y(b) = b**3 - 10*b**2 + 22*b + 1. Let u(m) = 2*y(m) + 3*z(m). Is u(6) a composite number?
True
Suppose 6*z + 71552 = 3*q + z, 0 = -5*q - 4*z + 119241. Is q a prime number?
False
Let i = -31 + 36. Suppose 2*j + i*c = 179, 6*j = 3*j - c + 262. Is j a composite number?
True
Let q = 29 + 3195. Let s = q - 2287. Is s prime?
True
Suppose -2*i + 2 - 36 = 0. Let o = i + 14. Let u(s) = 53*s**2 + s - 5. Is u(o) composite?
True
Let m(b) = -b**3 - 6*b**2 - 6*b + 11. Let c be m(-6). Suppose -s - c = -2*s. Suppose 0 = -u + 2*u - s. Is u a composite number?
False
Let k be 631*(-2 + (3 - 0)). Suppose f - k = 5*s, 3*s = f - 267 - 368. Is f prime?
True
Let n(c) = -256*c**3 - 2*c**2 - 11*c - 6. Let a(k) = -128*k**3 - k**2 - 6*k - 3. Let z(w) = 11*a(w) - 6*n(w). Is z(2) a prime number?
True
Let t = -19209 - -45262. Is t a composite number?
False
Let y = 74 + -30. Let w = 165 + y. Is w a prime number?
False
Let k(l) = -9*l + 7. Let z(t) = -t + 1. Let q(b) = k(b) - 6*z(b). Let v be q(-1). Suppose 222 = v*g - 14. Is g a prime number?
True
Let o = 403 + 168. Is o a prime number?
True
Suppose 4*t + 9 = 3*t. Let g = 36 + t. Suppose -148 - g = -5*x. Is x a prime number?
False
Suppose 2*n - 3086 = -3*j + 12432, 3*n - 23279 = -5*j. Is n a composite number?
False
Let t(o) = -o**3 + 6*o**2 - 4*o - 3. Let h be t(4). Suppose 12*y - h*y = -479. Is y a composite number?
False
Is -3*(-4 - (-5495)/(-3)) - -2 composite?
True
Let x(a) = a**2 + 11*a + 13. Let h be x(-11). Suppose 2*n + h = 1. Is (